{"id":96,"date":"2024-01-18T21:56:25","date_gmt":"2024-01-18T20:56:25","guid":{"rendered":"https:\/\/damedecoeurs.fr\/?page_id=96"},"modified":"2024-05-26T21:29:20","modified_gmt":"2024-05-26T19:29:20","slug":"ateliers","status":"publish","type":"page","link":"https:\/\/damedecoeurs.fr\/index.php\/ateliers\/","title":{"rendered":"Ateliers"},"content":{"rendered":"\n<p>Entre d\u00e9couverte &amp; pratiques innovantes&#8230;<\/p>\n\n\n\n<div class=\"wp-block-media-text is-image-fill has-vivid-cyan-blue-background-color has-background\" style=\"margin-top:var(--wp--preset--spacing--40);margin-bottom:var(--wp--preset--spacing--40);padding-top:0;padding-right:0;padding-bottom:0;padding-left:0\"><figure class=\"wp-block-media-text__media\" style=\"background-image:url(https:\/\/damedecoeurs.fr\/wp-content\/uploads\/2024\/04\/435638144_1156050698973523_6889036102547937720_n-768x1024.jpg);background-position:50% 50%\"><img fetchpriority=\"high\" decoding=\"async\" width=\"768\" height=\"1024\" src=\"https:\/\/damedecoeurs.fr\/wp-content\/uploads\/2024\/04\/435638144_1156050698973523_6889036102547937720_n-768x1024.jpg\" alt=\"ateliers artistiques Haute-Loire. Animation artistique dame de c\u0153urs, dame de c\u0153ur Russier Angeline. Atelier art enfants\" class=\"wp-image-1591 size-full\" srcset=\"https:\/\/damedecoeurs.fr\/wp-content\/uploads\/2024\/04\/435638144_1156050698973523_6889036102547937720_n-768x1024.jpg 768w, https:\/\/damedecoeurs.fr\/wp-content\/uploads\/2024\/04\/435638144_1156050698973523_6889036102547937720_n-225x300.jpg 225w, https:\/\/damedecoeurs.fr\/wp-content\/uploads\/2024\/04\/435638144_1156050698973523_6889036102547937720_n.jpg 960w\" sizes=\"(max-width: 768px) 100vw, 768px\" \/><\/figure><div class=\"wp-block-media-text__content\">\n<p class=\"has-text-align-left has-background-color has-vivid-cyan-blue-background-color has-text-color has-background has-link-color has-small-font-size wp-elements-569df95992716da0b2f2cbf736bb23e0\" style=\"margin-right:0;margin-left:0;padding-top:var(--wp--preset--spacing--70);padding-right:0;padding-bottom:var(--wp--preset--spacing--70);padding-left:0\">Dame de c\u0153urs, organise des ateliers tout public ponctuellement et pendant les vacances scolaires. Les activit\u00e9s propos\u00e9es sont vari\u00e9es, en lien avec l&rsquo;art, l&rsquo;esth\u00e9tisme et \u00e7a pratique sur vitrine. Les ateliers se d\u00e9roulent sur sites touristiques ou en partenariat avec des commer\u00e7ants, structures sp\u00e9cialis\u00e9es ou encore des associations.<\/p>\n<\/div><\/div>\n\n\n\n<p><\/p>\n\n\n\n<p class=\"has-vivid-cyan-blue-color has-text-color has-link-color has-large-font-size wp-elements-5574d06e3683c6c87e8fb6c8865b4bad\"><strong>ATELIERS EN IMAGE<\/strong>S :<\/p>\n\n\n\n<p><\/p>\n\n\n\n<div class=\"alignnormal\"><div id=\"metaslider-id-452\" style=\"width: 100%;\" class=\"ml-slider-3-61-0 metaslider metaslider-flex metaslider-452 ml-slider ms-theme-blend nav-hidden\" role=\"region\" aria-roledescription=\"Slideshow\" aria-label=\"Nouveau diaporama\">\n    <div id=\"metaslider_container_452\">\n        <div id=\"metaslider_452\">\n            <ul aria-live=\"polite\" class=\"slides\">\n                <li style=\"display: block; width: 100%;\" class=\"slide-1639 ms-image \" aria-roledescription=\"slide\" aria-label=\"slide-1639\"><img decoding=\"async\" src=\"https:\/\/damedecoeurs.fr\/wp-content\/uploads\/2024\/04\/437852173_399054709773050_7037876426217977842_n-500x300.jpg\" height=\"300\" width=\"500\" alt=\"\" class=\"slider-452 slide-1639\" title=\"437852173_399054709773050_7037876426217977842_n\" \/><\/li>\n                <li style=\"display: none; width: 100%;\" class=\"slide-1524 ms-image \" aria-roledescription=\"slide\" aria-label=\"slide-1524\"><img decoding=\"async\" src=\"https:\/\/damedecoeurs.fr\/wp-content\/uploads\/2024\/04\/433163452_403752055728299_825099832402763301_n-e1712264999483-500x300.jpg\" height=\"300\" width=\"500\" alt=\"\" class=\"slider-452 slide-1524\" title=\"433163452_403752055728299_825099832402763301_n\" \/><\/li>\n                <li style=\"display: none; width: 100%;\" class=\"slide-887 ms-image \" aria-roledescription=\"slide\" aria-label=\"slide-887\"><img loading=\"lazy\" decoding=\"async\" src=\"https:\/\/damedecoeurs.fr\/wp-content\/uploads\/2024\/02\/426229791_310037912048021_10253334466159276_n-500x300.jpg\" height=\"300\" width=\"500\" alt=\"\" class=\"slider-452 slide-887\" title=\"426229791_310037912048021_10253334466159276_n\" \/><\/li>\n                <li style=\"display: none; width: 100%;\" class=\"slide-933 ms-image \" aria-roledescription=\"slide\" aria-label=\"slide-933\"><img loading=\"lazy\" decoding=\"async\" src=\"https:\/\/damedecoeurs.fr\/wp-content\/uploads\/2024\/02\/426077979_836351018246875_6889723854722450264_n-1-500x300.jpg\" height=\"300\" width=\"500\" alt=\"\" class=\"slider-452 slide-933\" title=\"426077979_836351018246875_6889723854722450264_n\" \/><\/li>\n                <li style=\"display: none; width: 100%;\" class=\"slide-1617 ms-image \" aria-roledescription=\"slide\" aria-label=\"slide-1617\"><img loading=\"lazy\" decoding=\"async\" src=\"https:\/\/damedecoeurs.fr\/wp-content\/uploads\/2024\/04\/438060655_843367840932987_2267385740967995160_n-e1716744507922-500x300.jpg\" height=\"300\" width=\"500\" alt=\"CYANOTYPE Dame de coeurs\" class=\"slider-452 slide-1617\" title=\"438060655_843367840932987_2267385740967995160_n\" \/><\/li>\n                <li style=\"display: none; width: 100%;\" class=\"slide-1619 ms-image \" aria-roledescription=\"slide\" aria-label=\"slide-1619\"><img loading=\"lazy\" decoding=\"async\" src=\"https:\/\/damedecoeurs.fr\/wp-content\/uploads\/2024\/04\/438065229_948235706627150_2490454052765675712_n-500x300.jpg\" height=\"300\" width=\"500\" alt=\"\" class=\"slider-452 slide-1619\" title=\"438065229_948235706627150_2490454052765675712_n\" \/><\/li>\n                <li style=\"display: none; width: 100%;\" class=\"slide-1702 ms-image \" aria-roledescription=\"slide\" aria-label=\"slide-1702\"><img loading=\"lazy\" decoding=\"async\" src=\"https:\/\/damedecoeurs.fr\/wp-content\/uploads\/2024\/05\/438154573_1182666612735236_3786479624958529133_n-500x300.jpg\" height=\"300\" width=\"500\" alt=\"cyanotype Dame de C\u0153urs\" class=\"slider-452 slide-1702\" title=\"438154573_1182666612735236_3786479624958529133_n\" \/><\/li>\n                <li style=\"display: none; width: 100%;\" class=\"slide-1653 ms-image \" aria-roledescription=\"slide\" aria-label=\"slide-1653\"><img loading=\"lazy\" decoding=\"async\" src=\"https:\/\/damedecoeurs.fr\/wp-content\/uploads\/2024\/05\/441325257_1005926744342426_6413053759308584273_n-e1716741077404-500x300.jpg\" height=\"300\" width=\"500\" alt=\"\" class=\"slider-452 slide-1653\" title=\"441325257_1005926744342426_6413053759308584273_n\" \/><\/li>\n                <li style=\"display: none; width: 100%;\" class=\"slide-898 ms-image \" aria-roledescription=\"slide\" aria-label=\"slide-898\"><img loading=\"lazy\" decoding=\"async\" src=\"https:\/\/damedecoeurs.fr\/wp-content\/uploads\/2024\/02\/LILLA-scaled-500x300.jpg\" height=\"300\" width=\"500\" alt=\"\" class=\"slider-452 slide-898\" title=\"LILLA\" \/><\/li>\n                <li style=\"display: none; width: 100%;\" class=\"slide-1522 ms-image \" aria-roledescription=\"slide\" aria-label=\"slide-1522\"><img loading=\"lazy\" decoding=\"async\" src=\"https:\/\/damedecoeurs.fr\/wp-content\/uploads\/2024\/04\/430428048_938276228299881_1463112557435612728_n-500x300.jpg\" height=\"300\" width=\"500\" alt=\"\" class=\"slider-452 slide-1522\" title=\"430428048_938276228299881_1463112557435612728_n\" \/><\/li>\n                <li style=\"display: none; width: 100%;\" class=\"slide-1168 ms-image \" aria-roledescription=\"slide\" aria-label=\"slide-1168\"><img loading=\"lazy\" decoding=\"async\" src=\"https:\/\/damedecoeurs.fr\/wp-content\/uploads\/2024\/02\/ENFANT-ATELIER-GALET-500x300.jpg\" height=\"300\" width=\"500\" alt=\"\" class=\"slider-452 slide-1168\" title=\"ENFANT ATELIER GALET\" \/><\/li>\n                <li style=\"display: none; width: 100%;\" class=\"slide-1610 ms-image \" aria-roledescription=\"slide\" aria-label=\"slide-1610\"><img loading=\"lazy\" decoding=\"async\" src=\"https:\/\/damedecoeurs.fr\/wp-content\/uploads\/2024\/04\/438064990_1486118505306115_7122527233998314013_n-1-500x300.jpg\" height=\"300\" width=\"500\" alt=\"\" class=\"slider-452 slide-1610\" title=\"438064990_1486118505306115_7122527233998314013_n (1)\" \/><\/li>\n                <li style=\"display: none; width: 100%;\" class=\"slide-1605 ms-image \" aria-roledescription=\"slide\" aria-label=\"slide-1605\"><img loading=\"lazy\" decoding=\"async\" src=\"https:\/\/damedecoeurs.fr\/wp-content\/uploads\/2024\/04\/433235349_708014124742299_1020207995896687072_n-500x300.jpg\" height=\"300\" width=\"500\" alt=\"\" class=\"slider-452 slide-1605\" title=\"433235349_708014124742299_1020207995896687072_n\" \/><\/li>\n                <li style=\"display: none; width: 100%;\" class=\"slide-1590 ms-image \" aria-roledescription=\"slide\" aria-label=\"slide-1590\"><img loading=\"lazy\" decoding=\"async\" src=\"https:\/\/damedecoeurs.fr\/wp-content\/uploads\/2024\/04\/438065113_1109531323774368_2355818073666289078_n-500x300.jpg\" height=\"300\" width=\"500\" alt=\"\" class=\"slider-452 slide-1590\" title=\"438065113_1109531323774368_2355818073666289078_n\" \/><\/li>\n                <li style=\"display: none; width: 100%;\" class=\"slide-1577 ms-image \" aria-roledescription=\"slide\" aria-label=\"slide-1577\"><img loading=\"lazy\" decoding=\"async\" src=\"https:\/\/damedecoeurs.fr\/wp-content\/uploads\/2024\/04\/438069789_343893872019346_1437755874515841999_n-500x300.jpg\" height=\"300\" width=\"500\" alt=\"\" class=\"slider-452 slide-1577\" title=\"438069789_343893872019346_1437755874515841999_n\" \/><\/li>\n                <li style=\"display: none; width: 100%;\" class=\"slide-1573 ms-image \" aria-roledescription=\"slide\" aria-label=\"slide-1573\"><img loading=\"lazy\" decoding=\"async\" src=\"https:\/\/damedecoeurs.fr\/wp-content\/uploads\/2024\/04\/438051714_929442795581406_6586398941677604171_n-500x300.jpg\" height=\"300\" width=\"500\" alt=\"\" class=\"slider-452 slide-1573\" title=\"438051714_929442795581406_6586398941677604171_n\" \/><\/li>\n                <li style=\"display: none; width: 100%;\" class=\"slide-1606 ms-image \" aria-roledescription=\"slide\" aria-label=\"slide-1606\"><img loading=\"lazy\" decoding=\"async\" src=\"https:\/\/damedecoeurs.fr\/wp-content\/uploads\/2024\/04\/438065470_353938560447015_2141028103792845695_n-e1713228743190-500x300.jpg\" height=\"300\" width=\"500\" alt=\"\" class=\"slider-452 slide-1606\" title=\"438065470_353938560447015_2141028103792845695_n\" \/><\/li>\n                <li style=\"display: none; width: 100%;\" class=\"slide-1651 ms-image \" aria-roledescription=\"slide\" aria-label=\"slide-1651\"><img loading=\"lazy\" decoding=\"async\" src=\"https:\/\/damedecoeurs.fr\/wp-content\/uploads\/2024\/05\/438154586_1101994060875754_2508792619090395703_n-500x300.jpg\" height=\"300\" width=\"500\" alt=\"\" class=\"slider-452 slide-1651\" title=\"438154586_1101994060875754_2508792619090395703_n\" \/><\/li>\n                <li style=\"display: none; width: 100%;\" class=\"slide-1700 ms-image \" aria-roledescription=\"slide\" aria-label=\"slide-1700\"><img loading=\"lazy\" decoding=\"async\" src=\"https:\/\/damedecoeurs.fr\/wp-content\/uploads\/2024\/05\/438154573_1182666612735236_3786479624958529133_n-500x300.jpg\" height=\"300\" width=\"500\" alt=\"cyanotype Dame de C\u0153urs\" class=\"slider-452 slide-1700\" title=\"438154573_1182666612735236_3786479624958529133_n\" \/><\/li>\n                <li style=\"display: none; width: 100%;\" class=\"slide-1701 ms-image \" aria-roledescription=\"slide\" aria-label=\"slide-1701\"><img loading=\"lazy\" decoding=\"async\" src=\"https:\/\/damedecoeurs.fr\/wp-content\/uploads\/2024\/05\/438158884_1018160612986473_2584434146136092098_n-1-500x300.jpg\" height=\"300\" width=\"500\" alt=\"\" class=\"slider-452 slide-1701\" title=\"438158884_1018160612986473_2584434146136092098_n (1)\" \/><\/li>\n                <li style=\"display: none; width: 100%;\" class=\"slide-1898 ms-image \" aria-roledescription=\"slide\" aria-label=\"slide-1898\"><img loading=\"lazy\" decoding=\"async\" src=\"https:\/\/damedecoeurs.fr\/wp-content\/uploads\/2024\/07\/448528381_463160249653300_3434519406988319762_n-500x300.jpg\" height=\"300\" width=\"500\" alt=\"\" class=\"slider-452 slide-1898\" title=\"448528381_463160249653300_3434519406988319762_n\" \/><div class=\"caption-wrap\"><div class=\"caption\">art et animation pour s\u00e9niors haute-loire dame de coeurs<\/div><\/div><\/li>\n                <li style=\"display: none; width: 100%;\" class=\"slide-1899 ms-image \" aria-roledescription=\"slide\" aria-label=\"slide-1899\"><img loading=\"lazy\" decoding=\"async\" src=\"https:\/\/damedecoeurs.fr\/wp-content\/uploads\/2024\/07\/448921112_1009733407186300_2448884287294345379_n-500x300.jpg\" height=\"300\" width=\"500\" alt=\"\" class=\"slider-452 slide-1899\" title=\"448921112_1009733407186300_2448884287294345379_n\" \/><\/li>\n            <\/ul>\n        <\/div>\n        \n    <\/div>\n<\/div><\/div>\n\n\n\n<div class=\"wp-block-cover is-light has-custom-content-position is-position-bottom-center has-aspect-ratio\" style=\"border-width:8px;border-radius:20px;margin-top:var(--wp--preset--spacing--20);margin-bottom:var(--wp--preset--spacing--20);padding-top:var(--wp--preset--spacing--20);padding-right:var(--wp--preset--spacing--20);padding-bottom:var(--wp--preset--spacing--20);padding-left:var(--wp--preset--spacing--20);aspect-ratio:16\/9;min-height:unset;\"><span aria-hidden=\"true\" class=\"wp-block-cover__background has-background-dim-0 has-background-dim\"><\/span><video class=\"wp-block-cover__video-background intrinsic-ignore\" autoplay muted loop playsinline src=\"http:\/\/damedecoeurs.fr\/wp-content\/uploads\/2024\/03\/431903483_24980551234923488_5591854698926166677_n-1.mp4\" data-object-fit=\"cover\"><\/video><div class=\"wp-block-cover__inner-container is-layout-flow wp-container-core-cover-is-layout-1 wp-block-cover-is-layout-flow\">\n<p class=\"has-text-align-center has-background-color has-secondary-background-color has-text-color has-background has-link-color has-small-font-size wp-elements-c139a06a7d5e7d5aa45a20a6f0f2c541\" style=\"margin-right:0;margin-left:0;padding-top:0;padding-right:0;padding-bottom:0;padding-left:0\"><strong>Dessin au sable<\/strong><\/p>\n<\/div><\/div>\n\n\n\n<p><\/p>\n\n\n\n<div class=\"wp-block-buttons is-content-justification-center is-layout-flex wp-container-core-buttons-is-layout-1 wp-block-buttons-is-layout-flex\">\n<div class=\"wp-block-button\"><a class=\"wp-block-button__link wp-element-button\" href=\"https:\/\/damedecoeurs.fr\/\">RETOUR MENU<\/a><\/div>\n<\/div>\n","protected":false},"excerpt":{"rendered":"<p>Entre d\u00e9couverte &amp; pratiques innovantes&#8230; Dame de c\u0153urs, organise des ateliers tout public ponctuellement et pendant les vacances scolaires. Les activit\u00e9s propos\u00e9es sont vari\u00e9es, en lien avec l&rsquo;art, l&rsquo;esth\u00e9tisme et \u00e7a pratique sur vitrine. Les ateliers se d\u00e9roulent sur sites touristiques ou en partenariat avec des commer\u00e7ants, structures sp\u00e9cialis\u00e9es ou encore des associations. ATELIERS EN [&hellip;]<\/p>\n","protected":false},"author":1,"featured_media":1638,"parent":0,"menu_order":4,"comment_status":"closed","ping_status":"closed","template":"","meta":{"footnotes":""},"class_list":["post-96","page","type-page","status-publish","has-post-thumbnail","hentry"],"aioseo_notices":[],"_links":{"self":[{"href":"https:\/\/damedecoeurs.fr\/index.php\/wp-json\/wp\/v2\/pages\/96","targetHints":{"allow":["GET"]}}],"collection":[{"href":"https:\/\/damedecoeurs.fr\/index.php\/wp-json\/wp\/v2\/pages"}],"about":[{"href":"https:\/\/damedecoeurs.fr\/index.php\/wp-json\/wp\/v2\/types\/page"}],"author":[{"embeddable":true,"href":"https:\/\/damedecoeurs.fr\/index.php\/wp-json\/wp\/v2\/users\/1"}],"replies":[{"embeddable":true,"href":"https:\/\/damedecoeurs.fr\/index.php\/wp-json\/wp\/v2\/comments?post=96"}],"version-history":[{"count":37,"href":"https:\/\/damedecoeurs.fr\/index.php\/wp-json\/wp\/v2\/pages\/96\/revisions"}],"predecessor-version":[{"id":1743,"href":"https:\/\/damedecoeurs.fr\/index.php\/wp-json\/wp\/v2\/pages\/96\/revisions\/1743"}],"wp:featuredmedia":[{"embeddable":true,"href":"https:\/\/damedecoeurs.fr\/index.php\/wp-json\/wp\/v2\/media\/1638"}],"wp:attachment":[{"href":"https:\/\/damedecoeurs.fr\/index.php\/wp-json\/wp\/v2\/media?parent=96"}],"curies":[{"name":"wp","href":"https:\/\/api.w.org\/{rel}","templated":true}]}}